he second derivative of -x**5/20 - x**3/2 - x**2 - 2*x. What is the units digit of w(h)?
4
Let q be (-29 - 1)*(-8)/6. Suppose b + 75 = -2*n, 3*n + 235 = -4*b - q. Let o = b - -98. What is the units digit of o?
3
Let q be ((-80)/32)/(10/(-4)). What is the tens digit of ((-236)/(-16))/(q/4)?
5
Suppose 3*o + 3*g + 2*g - 10133 = 0, -o - g = -3379. What is the tens digit of o?
8
Let v = -39 + 39. Suppose -p - 12 + 45 = v. What is the tens digit of p?
3
Let n(m) = -2*m**2 + 94*m - 55. What is the tens digit of n(44)?
0
Suppose -4*t + 1 + 23 = 4*k, 0 = -3*t + 5*k - 14. What is the tens digit of (97 - 3 - 5)*(t - 0)?
7
Let b(t) = -15*t - 364. What is the units digit of b(-28)?
6
Suppose -5*t = -5, 0*f - 532 = 2*f - 2*t. Let j be 6/15*(-5 + f). What is the units digit of ((-1)/3)/(3/j)?
2
Let n(v) = -v**2 + 17*v - 52. Let o be n(13). Suppose 3*d - 360 = p, 5*d - 3*p - 200 - 400 = o. What is the hundreds digit of d?
1
Let j(l) = 15*l**3 + 3*l**2 - 2*l - 1. Let n be (5 - 6) + (1 - -1). What is the tens digit of j(n)?
1
Let w(t) = -t**3 + 11*t**2 - 6*t + 4. Let r be w(9). Suppose 2*d = -2*s - 0*d + r, 3*d = 2*s - 102. What is the units digit of s?
4
Let y(j) be the first derivative of j**4/4 + 7*j**3/3 - 13*j**2/2 - 23*j + 34. What is the units digit of y(-8)?
7
What is the units digit of 35/21*(-14679)/(-35)?
9
Suppose -6*o + o - 5*y + 4360 = 0, -5*o = 3*y - 4364. What is the units digit of o?
4
Let u(x) = -4*x**3 + x**2 - x - 13. Let n be u(-4). Let p = n + -102. What is the units digit of p?
1
Let r(q) be the second derivative of -1/20*q**5 + 1/6*q**4 + 0 + 6*q + 21*q**2 + 1/6*q**3. What is the units digit of r(0)?
2
Let f = 35 - 34. What is the tens digit of 9/(3*f/51)?
5
Let u(j) be the second derivative of -2*j**3/3 - j**2 + 5*j. Let z be u(-1). Suppose -z*b = -2 - 0. What is the units digit of b?
1
Suppose -22 = l - 4. Let z = 89 + -124. Let u = l - z. What is the units digit of u?
7
Let g(f) = -5*f**3 + 2*f**2 - f + 4. Let i be (-6)/8*3*16/12. What is the tens digit of g(i)?
6
Let i(a) = a**3 - 11*a**2 + 6*a + 1. Let v be i(11). Let g = v + -44. What is the tens digit of g?
2
Let b(o) = 14 - 8 + o**2 - 2*o - 4. What is the tens digit of b(-4)?
2
Let h(n) = 82*n + 331. What is the tens digit of h(7)?
0
Suppose -2*w + 10 = 0, 2*p = -2*w - w + 23. Let n = p - -1. What is the tens digit of 2 - 3 - (-22 + n)?
1
What is the hundreds digit of (2 - 1) + 2*(1 - -183)?
3
Let s = 24 + -15. Let q = s - -4. What is the tens digit of q?
1
Suppose -4*y = -2*y - 10. Suppose 3*x + y - 29 = 0. Suppose 12 = a - x. What is the tens digit of a?
2
Suppose 4*q = -3*h + 1535, -q + 40 + 355 = -3*h. What is the units digit of q?
6
Suppose -1 = -t + 1. Suppose 3 = s + t*s. What is the units digit of s/2*60/10?
3
Let w(a) = 4*a - 12. Let h be w(6). Suppose -2*c - 3*p = -c + h, 5*p = -3*c - 52. What is the units digit of (-633)/c - (-6)/(-16)?
6
Suppose 0 = -0*v - v + 3. Suppose v*y + 5*m = -y - 36, -3*y - 27 = 4*m. Let f = -7 - y. What is the units digit of f?
2
Let w be 1/(-2) + (-156)/(-8). Suppose 0 = 4*r - w - 21. What is the tens digit of r?
1
Let v(n) = 2*n - 14. Let k be v(7). Suppose -o = -a - 6 - 2, k = 5*o + 3*a. Suppose -5*m - 166 = -o*b, 2*b - 5*m = 106 + 13. What is the tens digit of b?
4
Suppose -s + 346 = 136. What is the tens digit of s?
1
Let z(y) = 2*y + 5. Let r = -14 + 17. Let g(c) = 2*c + 4. Let h(j) = r*z(j) - 4*g(j). What is the tens digit of h(-6)?
1
What is the tens digit of 154170/243 - (-4)/(-9)?
3
Let w be (1 + 0)/((-1)/(-32)). Let f = 21 + w. What is the units digit of f?
3
Suppose 2*n = 5*n + 45. What is the tens digit of (-1623)/n - (-1)/(-5)?
0
Let b(i) = i**3 - i**2 - i. Let a be b(2). Suppose -5*j - 2*y - 5 = 0, 6*j + 3*y - 3 = a*j. What is the units digit of j + 20 + (-8)/(-2)?
1
Let o = 166 + -118. Suppose 3*d = 6*d - o. Suppose -q = 5*j - d - 29, 3*q - j = 87. What is the units digit of q?
0
Suppose -40 - 50 = -5*c. What is the hundreds digit of 4/c - (6 + (-3848)/18)?
2
Let s be ((-2)/3)/((-46)/207). Suppose 0 = -2*i - x + 28 + s, -3*x = -9. What is the tens digit of i?
1
Suppose 0*u - 2*u - 4 = 4*l, -5*u - 3*l - 38 = 0. Let r = 28 + u. What is the units digit of 56/9 - 4/r?
6
Suppose 4*r - 8 = 8. Let d = 75 + -10. Suppose -4*q + 0*q + 50 = 2*o, -3*q + r*o = -d. What is the tens digit of q?
1
Let z be 10/35 - (-668)/14. Suppose 0*q = -5*v + q + 20, 4*v - 16 = 2*q. Suppose z + 144 = v*b. What is the tens digit of b?
4
Let x(u) = -4*u**2 - 2 - u**3 - u - 1 + 9*u + 0. What is the tens digit of x(-7)?
8
Suppose 0 = -2*k + t + 8, -3*t - 9 - 10 = -5*k. Suppose -k*r + 868 = -52. What is the hundreds digit of r?
1
Let m(g) = -g**2 + 24*g - 20. Let i be m(23). Suppose -2*v = i*w - 205, -4*v + 4*w = -326 - 114. What is the units digit of v?
7
Let r(h) = h**2 + 10*h + 9. Let w be r(-9). Suppose w = 3*f - 6*f + 78. Let a = 43 - f. What is the units digit of a?
7
Suppose -4*n + 64 + 96 = 0. Let f be ((-45)/10)/((-2)/n). Suppose 6 = -2*z + f. What is the tens digit of z?
4
Let i(h) = h**3 - 10*h**2 + h - 7. Let s be i(10). Let z(q) = -11 + 6*q**2 + s*q - q**3 + 17 - 10. What is the units digit of z(6)?
4
Let r(f) = -17*f + 159. Let o(y) = 8*y - 79. Let q(h) = -7*o(h) - 3*r(h). What is the hundreds digit of q(-20)?
1
Suppose -17*j = -5*j - 1464. What is the units digit of j?
2
Suppose -a + 2 = l - 4*l, 4*l - 5*a + 10 = 0. Suppose 2*q - 10 = -l*q. Let w(v) = -v**3 + 6*v**2 - 4*v + 5. What is the tens digit of w(q)?
1
Let b(i) = -210*i - 16. What is the units digit of b(-3)?
4
What is the tens digit of 146*(-4)/((-32)/200)?
5
Let f(d) = 13*d**2 + 6*d + 14. Let u be f(-2). Let x = -105 + 192. Let k = x - u. What is the units digit of k?
3
Let m be 6 + -13 - 4/(-1). What is the hundreds digit of 15*m*-10*4/18?
1
Let o = -308 - -442. Suppose o = 8*b + 22. What is the units digit of b?
4
Let v(a) = -2*a - 7. Let q be v(-5). Suppose 0 = q*f - 2*f - 4, 3*f = -4*w + 20. Suppose 3*l - t - 63 = -2*t, 0 = -3*l - w*t + 63. What is the units digit of l?
1
Let c = 46 - -2. What is the units digit of c?
8
Suppose 0 = -66*f + 62*f + 1780. What is the tens digit of f?
4
Suppose 0 = -11*o - 12*o + 18262. What is the units digit of o?
4
Let j(a) = a**2 + a - 1. Let n(v) = -23*v**3 - 2*v**2 - 2*v + 1. Let r(p) = -2*j(p) - n(p). Let d be r(1). What is the units digit of (d/5)/(5/25)?
4
Let j be (15/(-5))/3 - 37. Let g = 111 + j. What is the units digit of g?
3
Let m = -363 - -465. What is the tens digit of m?
0
Let q = 4 + 0. Suppose -q*r + 4*o = 8, 5 = 4*o - 15. Suppose 233 = r*u + 2*u - 4*f, 4*u = 4*f + 188. What is the units digit of u?
5
Let g(p) = -4 - 12*p - 2 + 9*p. What is the units digit of g(-6)?
2
Suppose -14 = -2*z + 2*o, 5*z + 3*o + 5 = -0. Suppose 18 = 4*k - 3*k. What is the tens digit of k*(4 - z)/2?
1
Let l be 1 - (3 - 0) - 0. Let y be (l - 6)/((-3)/6). Suppose 6*i - i - 124 = -h, 2*h = i - y. What is the tens digit of i?
2
Let w(p) = p**3 + 18*p**2 - 29*p - 73. What is the thousands digit of w(13)?
4
Suppose 30*l - 9484 = 14726. What is the hundreds digit of l?
8
Let s(j) = 23*j + 12. Suppose -4*n = 17*n - 252. What is the tens digit of s(n)?
8
Suppose 3*y = -w - 6, -2*w + 4*w = -2*y. Suppose -w*l - 79 = -13. What is the units digit of (-356)/l - (-6)/(-33)?
6
Suppose 129 = 5*z + 24. Let u = 18 - z. Let r(c) = -c**3 - 2*c**2 - c - 2. What is the units digit of r(u)?
0
Let v = -115 - -229. Let c = v + -22. What is the tens digit of c?
9
What is the units digit of (-7)/(-273)*-3 - 54718/(-13)?
9
What is the hundreds digit of ((-11)/(-13) - 1) + 29958/39?
7
Let x(w) = w**2 + 5*w - 11. Let u be x(-7). Suppose -8*s + 115 = -3*s - 5*m, -3 = -u*m. What is the units digit of s?
4
Let t(w) = 2*w**2 - 8*w - 4. Let b be t(6). Suppose 4 = -4*i + b. Suppose c - 145 = -i*c. What is the units digit of c?
9
Suppose -2080 = -20*t + 1880. What is the tens digit of t?
9
Suppose -4*q + z + 439 = 0, 2*z + 218 = 5*q - 330. Let i be (-14 - -2)*(-27)/6. Let p = q - i. What is the tens digit of p?
5
Let j(y) = -9*y - 14. What is the hundreds digit of j(-39)?
3
What is the units digit of ((-2)/((-12)/(-18)))/(42/(-31052))?
8
Suppose -v = 6*q - 2*q - 1248, 0 = 2*q + 10. What is the units digit of v?
8
What is the tens digit of 1/(-3) - 809850/(-225)?
9
Let q(h) = 107*h**2 - 36*h